{"id":34,"date":"2015-04-21T01:25:14","date_gmt":"2015-04-21T01:25:14","guid":{"rendered":"http:\/\/rastava-most.cz\/?page_id=34"},"modified":"2024-03-19T16:35:44","modified_gmt":"2024-03-19T16:35:44","slug":"kontakty","status":"publish","type":"page","link":"https:\/\/rastava-most.cz\/?page_id=34","title":{"rendered":"KONTAKTY a mapa , jak se k n\u00e1m dostat"},"content":{"rendered":"<p>P\u0159ihl\u00e1\u0161ky a dotazy volejte nebo pos\u00edlejte na n\u00ed\u017ee uveden\u00e9 kontakty:<\/p>\n<p>Radka Fenclov\u00e1<\/p>\n<p>email: rafe@centrum.cz<\/p>\n<p>tel. 775 65 64 94<\/p>\n<p>&nbsp;<\/p>\n<p>I\u010c: 27005691<\/p>\n<p>\u010d\u00edslo bankovn\u00edho \u00fa\u010dtu:<\/p>\n<h2><strong>6892830217\/0600<\/strong><\/h2>\n<h3>Najdete n\u00e1s v Most\u011b m\u011bstsk\u00e9 \u010d\u00e1sti Sou\u0161 u vodn\u00ed n\u00e1dr\u017ee Matylda \u00a0&#8211; <a href=\"http:\/\/www.mapy.cz\/s\/irzH\">mapa<\/a>.<\/h3>\n<p>Pokud budete m\u00edt z\u00e1jem nav\u0161t\u011bvovat na\u0161\u00ed ps\u00ed \u0161kolu, pros\u00edm, vypl\u0148te p\u0159ihl\u00e1\u0161ku a za\u0161lete na uveden\u00fd emailov\u00fd kontakt nebo SMS zpr\u00e1va.<\/p>\n<h5>Nov\u011b: <a href=\"http:\/\/www.facebook.com\/mostecka.rastava\">Facebook\u00a0<\/a><\/h5>\n<p>Na p\u0159\u00edpadn\u00e9 dotazy r\u00e1di odpov\u00edme.<\/p>\n","protected":false},"excerpt":{"rendered":"<p>P\u0159ihl\u00e1\u0161ky a dotazy volejte nebo pos\u00edlejte na n\u00ed\u017ee uveden\u00e9 kontakty: Radka Fenclov\u00e1 email: rafe@centrum.cz tel. 775 65 64 94 &nbsp; I\u010c: 27005691 \u010d\u00edslo bankovn\u00edho \u00fa\u010dtu: 6892830217\/0600 Najdete n\u00e1s v Most\u011b m\u011bstsk\u00e9 \u010d\u00e1sti Sou\u0161 u vodn\u00ed n\u00e1dr\u017ee Matylda \u00a0&#8211; mapa. Pokud budete m\u00edt z\u00e1jem nav\u0161t\u011bvovat na\u0161\u00ed ps\u00ed \u0161kolu, pros\u00edm, vypl\u0148te p\u0159ihl\u00e1\u0161ku a za\u0161lete na uveden\u00fd emailov\u00fd &hellip; <a href=\"https:\/\/rastava-most.cz\/?page_id=34\" class=\"more-link\">Pokra\u010dov\u00e1n\u00ed textu <span class=\"screen-reader-text\">KONTAKTY a mapa , jak se k n\u00e1m dostat<\/span> <span class=\"meta-nav\">&rarr;<\/span><\/a><\/p>\n","protected":false},"author":1,"featured_media":0,"parent":0,"menu_order":0,"comment_status":"closed","ping_status":"open","template":"","meta":{"footnotes":""},"class_list":["post-34","page","type-page","status-publish","hentry"],"_links":{"self":[{"href":"https:\/\/rastava-most.cz\/index.php?rest_route=\/wp\/v2\/pages\/34","targetHints":{"allow":["GET"]}}],"collection":[{"href":"https:\/\/rastava-most.cz\/index.php?rest_route=\/wp\/v2\/pages"}],"about":[{"href":"https:\/\/rastava-most.cz\/index.php?rest_route=\/wp\/v2\/types\/page"}],"author":[{"embeddable":true,"href":"https:\/\/rastava-most.cz\/index.php?rest_route=\/wp\/v2\/users\/1"}],"replies":[{"embeddable":true,"href":"https:\/\/rastava-most.cz\/index.php?rest_route=%2Fwp%2Fv2%2Fcomments&post=34"}],"version-history":[{"count":12,"href":"https:\/\/rastava-most.cz\/index.php?rest_route=\/wp\/v2\/pages\/34\/revisions"}],"predecessor-version":[{"id":1704,"href":"https:\/\/rastava-most.cz\/index.php?rest_route=\/wp\/v2\/pages\/34\/revisions\/1704"}],"wp:attachment":[{"href":"https:\/\/rastava-most.cz\/index.php?rest_route=%2Fwp%2Fv2%2Fmedia&parent=34"}],"curies":[{"name":"wp","href":"https:\/\/api.w.org\/{rel}","templated":true}]}}