{"id":38,"date":"2015-04-22T19:54:01","date_gmt":"2015-04-22T19:54:01","guid":{"rendered":"http:\/\/rastava-most.cz\/?page_id=38"},"modified":"2025-12-29T09:22:42","modified_gmt":"2025-12-29T09:22:42","slug":"prihlaska-na-skolicky","status":"publish","type":"page","link":"https:\/\/rastava-most.cz\/?page_id=38","title":{"rendered":"P\u0159ihl\u00e1\u0161ka na kurzy"},"content":{"rendered":"<p><strong>&#8211; vyberte kurz, o kter\u00fd m\u00e1te z\u00e1jem \u2013 ostatn\u00ed vyma\u017ete nebo p\u0159e\u0161krtn\u011bte<\/strong><\/p>\n<p><strong>P\u0159ihl\u00e1\u0161ku si zkop\u00edrujte do sv\u00e9ho po\u010d\u00edta\u010de a vypl\u0148te a za\u0161lete na email nebo vytiskn\u011bte a vypl\u0148te a ofocen\u00e9 za\u0161lete na email (viz. kontakty) nebo \u00fadaje napi\u0161te p\u0159\u00edmo do emailu<\/strong><\/p>\n<p><a href=\"https:\/\/rastava-most.cz\/?page_id=844\">Ochrana osobn\u00edch \u00fadaj\u016f<\/a><\/p>\n<p>Zasl\u00e1n\u00edm p\u0159ihl\u00e1\u0161ky souhlas\u00edm s t\u00edm, aby spr\u00e1vce zpracov\u00e1val osobn\u00ed \u00fadaje,\u00a0 v souladu s v\u00fd\u0161e uveden\u00fdm a tento m\u016fj souhlas je zcela dobrovoln\u00fd.<\/p>\n<p>================================================================<\/p>\n<h3><strong>P\u0158IHL\u00c1\u0160KA\u00a0<\/strong><\/h3>\n<p><em><strong>Z\u00e1kladn\u00edho v\u00fdcviku &#8211;\u00a0<\/strong><\/em>vyzna\u010dte den, kter\u00fd v\u00e1m vyhovuje.<\/p>\n<p>\u00daTER\u00dd\u00a0 \u00a0 \u00a0 \u00a0 \u00a0 \u00a0nebo \u00a0 \u00a0 \u00a0 \u00a0 \u00a0 \u00a0 \u00a0 \u00a0 NED\u011aLE\u00a0 \u00a0 \u00a0nebo\u00a0 \u00a0 \u00a0 SOBOTA<\/p>\n<p>(v p\u0159\u00edpad\u011b velk\u00e9ho z\u00e1jmu prob\u00edh\u00e1 kurz tak\u00e9 v SOBOTU &#8211; viz aktuality)<\/p>\n<p>&#8212;&#8212;&#8212;&#8212;&#8212;&#8212;&#8212;&#8212;&#8212;&#8212;&#8212;&#8212;&#8212;&#8212;&#8212;&#8212;&#8212;&#8212;&#8212;&#8212;&#8212;&#8212;&#8212;&#8212;&#8212;&#8212;&#8212;&#8212;&#8212;&#8212;&#8212;&#8212;&#8212;&#8212;&#8212;&#8212;&#8212;&#8212;&#8211;<\/p>\n<p><em><strong>Pokro\u010dil\u00e9ho v\u00fdcviku<\/strong><\/em><\/p>\n<p>NED\u011aLE od 11.45 hod.<\/p>\n<p>&#8212;&#8212;&#8212;&#8212;&#8212;&#8212;&#8212;&#8212;&#8212;&#8212;&#8212;&#8212;&#8212;&#8212;&#8212;&#8212;&#8212;&#8212;&#8212;&#8212;&#8212;&#8212;&#8212;&#8212;&#8212;&#8212;&#8212;&#8212;&#8212;&#8212;&#8212;&#8212;&#8212;&#8212;&#8212;&#8212;&#8212;&#8212;&#8211;<\/p>\n<p><span style=\"text-decoration: underline;\">\u00dadaje o \u00fa\u010dastn\u00edkovi v\u00fdcviku<\/span><\/p>\n<p>Jm\u00e9no a p\u0159\u00edjmen\u00ed : (ten, kdo se bude v\u00fdcviku se psem \u00fa\u010dastnit)<\/p>\n<p>V\u011bk:<\/p>\n<p>Jm\u00e9no a p\u0159\u00edjmen\u00ed z\u00e1konn\u00e9ho z\u00e1stupce: (pokud je \u00fa\u010dastn\u00edkem d\u00edt\u011b)<\/p>\n<p>email:\u00a0 \u00a0 \u00a0 \u00a0 \u00a0 \u00a0 \u00a0 \u00a0 \u00a0 \u00a0 \u00a0 \u00a0 \u00a0 \u00a0 \u00a0 \u00a0 \u00a0 \u00a0 \u00a0 \u00a0 \u00a0 \u00a0 \u00a0 \u00a0 \u00a0 \u00a0 \u00a0 \u00a0 \u00a0telefon:<\/p>\n<p>&#8212;&#8212;&#8212;&#8212;&#8212;&#8212;&#8212;&#8212;&#8212;&#8212;&#8212;&#8212;&#8212;&#8212;&#8212;&#8212;&#8212;&#8212;&#8212;&#8212;&#8212;&#8212;&#8212;&#8212;-<\/p>\n<p><span style=\"text-decoration: underline;\">\u00dadaje o psovi:<\/span><\/p>\n<p>Jm\u00e9no pejska (tak, jak mu \u0159\u00edk\u00e1te):<\/p>\n<p>Datum narozen\u00ed: (pokud nen\u00ed zn\u00e1mo, uve\u010fte p\u0159ibli\u017en\u011b)<\/p>\n<p>Pohlav\u00ed:<\/p>\n<p>Plemeno:<\/p>\n<p>Souhlas\u00edm \u2013 s p\u0159\u00edpadn\u00fdm um\u00edst\u011bn\u00edm fotografi\u00ed p\u0159\u00edpadn\u011b videosekvenc\u00ed, na kter\u00fdch budu rozpozn\u00e1n, v souladu s v\u00fd\u0161e uveden\u00fdm a tento souhlas je zcela dobrovoln\u00fd.<\/p>\n<p>Nesouhlas\u00edm &#8211;\u00a0s p\u0159\u00edpadn\u00fdm um\u00edst\u011bn\u00edm fotografi\u00ed p\u0159\u00edpadn\u011b videosekvenc\u00ed, na kter\u00fdch budu rozpozn\u00e1n, v souladu s v\u00fd\u0161e uveden\u00fdm.<\/p>\n<p>================================================================<\/p>\n<p><strong>Cena kurzu z\u00e1kladn\u00ed poslu\u0161nosti:<\/strong>\u00a0<strong>(platn\u00e9 od 1.1.2026)<\/strong>:<\/p>\n<p><strong>2 300,&#8211; K\u010d <\/strong>(v\u010d.z\u00e1lohy)\/ 8 lekc\u00ed<strong>. <\/strong>Pro rezervaci \u00fa\u010dasti v kurzu, na kter\u00fd se p\u0159ihl\u00e1s\u00edte, je pot\u0159eba uhradit nevratnou z\u00e1lohu 300,&#8211; K\u010d ihned, jakmile v\u00e1m bude <strong>potvrzeno p\u0159ijet\u00ed va\u0161\u00ed p\u0159ihl\u00e1\u0161ky.\u00a0 <\/strong>Z\u00e1loha je nevratn\u00e1 v p\u0159\u00edpad\u011b ne\u00fa\u010dasti p\u0159ihl\u00e1\u0161en\u00e9ho. Z\u00e1lohu, pros\u00edm, uhra\u010fte na bankovn\u00edm \u00fa\u010det na\u0161eho spolku \u010d. \u00fa\u010dtu: <strong>6892830217\/0600<\/strong>. Jestli\u017ee bude kurz zru\u0161en z na\u0161\u00ed strany a v\u00e1m nebude vyhovovat jin\u00fd n\u00e1mi nab\u00edzen\u00fd term\u00edn kurzu, z\u00e1loha v\u00e1m bude vr\u00e1cena.<\/p>\n<p>Zbytek \u010d\u00e1stky 2 000,&#8211; K\u010d uhrad\u00edte v den n\u00e1stupu do kurzu nebo bankovn\u00edm p\u0159evodem.<\/p>\n<p>&#8212;&#8212;&#8212;&#8212;&#8212;&#8212;&#8212;&#8212;&#8212;&#8212;&#8212;&#8212;&#8212;&#8212;&#8212;&#8212;&#8212;&#8212;&#8212;&#8212;&#8212;&#8212;&#8212;&#8212;&#8212;&#8212;&#8212;&#8212;&#8212;&#8212;&#8212;&#8212;&#8212;&#8212;&#8212;&#8212;&#8212;&#8212;&#8211;<\/p>\n<p>Ka\u017ed\u00fd \u00fa\u010dastn\u00edk na\u0161ich akc\u00ed je povinen \u0159\u00eddit se vnit\u0159n\u00edm \u0159\u00e1dem &#8211; <a href=\"https:\/\/rastava-most.cz\/?page_id=269\">\u00a0\u0158\u00e1dy a informace\u00a0<\/a><\/p>\n<p>Informace pro \u00fa\u010dastn\u00edky :\u00a0<a href=\"https:\/\/rastava-most.cz\/?page_id=87\">Informace k v\u00fdcviku z\u00e1kladn\u00ed poslu\u0161nosti<\/a><\/p>\n<p>D\u011bkuji R.Fenclov\u00e1<\/p>\n","protected":false},"excerpt":{"rendered":"<p>&#8211; vyberte kurz, o kter\u00fd m\u00e1te z\u00e1jem \u2013 ostatn\u00ed vyma\u017ete nebo p\u0159e\u0161krtn\u011bte P\u0159ihl\u00e1\u0161ku si zkop\u00edrujte do sv\u00e9ho po\u010d\u00edta\u010de a vypl\u0148te a za\u0161lete na email nebo vytiskn\u011bte a vypl\u0148te a ofocen\u00e9 za\u0161lete na email (viz. kontakty) nebo \u00fadaje napi\u0161te p\u0159\u00edmo do emailu Ochrana osobn\u00edch \u00fadaj\u016f Zasl\u00e1n\u00edm p\u0159ihl\u00e1\u0161ky souhlas\u00edm s t\u00edm, aby spr\u00e1vce zpracov\u00e1val osobn\u00ed \u00fadaje,\u00a0 v &hellip; <a href=\"https:\/\/rastava-most.cz\/?page_id=38\" class=\"more-link\">Pokra\u010dov\u00e1n\u00ed textu <span class=\"screen-reader-text\">P\u0159ihl\u00e1\u0161ka na kurzy<\/span> <span class=\"meta-nav\">&rarr;<\/span><\/a><\/p>\n","protected":false},"author":1,"featured_media":0,"parent":42,"menu_order":0,"comment_status":"closed","ping_status":"open","template":"","meta":{"footnotes":""},"class_list":["post-38","page","type-page","status-publish","hentry"],"_links":{"self":[{"href":"https:\/\/rastava-most.cz\/index.php?rest_route=\/wp\/v2\/pages\/38","targetHints":{"allow":["GET"]}}],"collection":[{"href":"https:\/\/rastava-most.cz\/index.php?rest_route=\/wp\/v2\/pages"}],"about":[{"href":"https:\/\/rastava-most.cz\/index.php?rest_route=\/wp\/v2\/types\/page"}],"author":[{"embeddable":true,"href":"https:\/\/rastava-most.cz\/index.php?rest_route=\/wp\/v2\/users\/1"}],"replies":[{"embeddable":true,"href":"https:\/\/rastava-most.cz\/index.php?rest_route=%2Fwp%2Fv2%2Fcomments&post=38"}],"version-history":[{"count":31,"href":"https:\/\/rastava-most.cz\/index.php?rest_route=\/wp\/v2\/pages\/38\/revisions"}],"predecessor-version":[{"id":1978,"href":"https:\/\/rastava-most.cz\/index.php?rest_route=\/wp\/v2\/pages\/38\/revisions\/1978"}],"up":[{"embeddable":true,"href":"https:\/\/rastava-most.cz\/index.php?rest_route=\/wp\/v2\/pages\/42"}],"wp:attachment":[{"href":"https:\/\/rastava-most.cz\/index.php?rest_route=%2Fwp%2Fv2%2Fmedia&parent=38"}],"curies":[{"name":"wp","href":"https:\/\/api.w.org\/{rel}","templated":true}]}}