{"id":49,"date":"2015-04-24T22:02:10","date_gmt":"2015-04-24T22:02:10","guid":{"rendered":"http:\/\/rastava-most.cz\/?page_id=49"},"modified":"2021-02-22T12:17:37","modified_gmt":"2021-02-22T12:17:37","slug":"vnitrni-rad","status":"publish","type":"page","link":"https:\/\/rastava-most.cz\/?page_id=49","title":{"rendered":"Informace pro \u00fa\u010dastn\u00edky-Vnit\u0159n\u00ed \u0159\u00e1d"},"content":{"rendered":"<h4><strong>VNIT\u0158N\u00cd \u0158\u00c1D \u00a0Mosteck\u00e9 ps\u00ed \u0161koly RASTAVA\u00a0<\/strong><\/h4>\n<ol>\n<li><strong>\u00da\u010dastn\u00edk v\u00fdcviku , z\u00e1vod\u016f, soust\u0159ed\u011bn\u00ed<\/strong><\/li>\n<\/ol>\n<p>&#8211;\u00a0\u00a0\u00a0\u00a0\u00a0\u00a0\u00a0\u00a0\u00a0je pln\u011b odpov\u011bdn\u00fd za sv\u00e9ho psa v are\u00e1lu cvi\u010di\u0161t\u011b, ale i v jeho bl\u00edzk\u00e9m okol\u00ed.\u00a0 Spolek neodpov\u00edd\u00e1 za zran\u011bn\u00ed nebo \u00fahyn psa.<\/p>\n<p>&#8211;\u00a0\u00a0\u00a0\u00a0\u00a0\u00a0\u00a0\u00a0\u00a0v are\u00e1lu vodn\u00ed n\u00e1dr\u017ee Matylda db\u00e1 na to, aby pes neobt\u011b\u017eoval n\u00e1v\u0161t\u011bvn\u00edky, je povinen dodr\u017eovat tak\u00e9 \u0159\u00e1d vodn\u00ed n\u00e1dr\u017ee Matylda.<\/p>\n<p>&#8211;\u00a0\u00a0\u00a0\u00a0\u00a0\u00a0\u00a0\u00a0\u00a0zabezpe\u010d\u00ed sv\u00e9ho psa tak, aby nedoch\u00e1zelo k\u00a0vz\u00e1jemn\u00e9mu napad\u00e1n\u00ed ps\u016f nebo\u00a0 poran\u011bn\u00ed osob<\/p>\n<p>&#8211;\u00a0\u00a0\u00a0\u00a0\u00a0\u00a0\u00a0\u00a0\u00a0pln\u011b odpov\u00edd\u00e1 za j\u00edm zp\u016fsoben\u00e9 \u0161kody v are\u00e1lu cvi\u010di\u0161t\u011b<\/p>\n<p>&#8211;\u00a0\u00a0\u00a0\u00a0\u00a0\u00a0\u00a0\u00a0\u00a0neni\u010d\u00ed p\u0159ek\u00e1\u017eky a ostatn\u00ed majetek ps\u00ed \u0161koly<\/p>\n<p>&#8211;\u00a0\u00a0\u00a0\u00a0\u00a0\u00a0\u00a0\u00a0\u00a0udr\u017euje \u010distotu v\u00a0are\u00e1lu cvi\u010di\u0161t\u011b a v\u00a0jeho bl\u00edzk\u00e9m okol\u00ed<\/p>\n<p>&#8211;\u00a0\u00a0\u00a0\u00a0\u00a0\u00a0\u00a0\u00a0\u00a0dodr\u017euje z\u00e1kon na ochranu zv\u00ed\u0159at<\/p>\n<p>&#8211;\u00a0\u00a0\u00a0\u00a0\u00a0\u00a0\u00a0\u00a0\u00a0respektuje pokyny instruktora v\u00fdcviku<\/p>\n<p>&#8211;\u00a0\u00a0\u00a0\u00a0\u00a0\u00a0\u00a0\u00a0\u00a0agresivn\u00ed psi maj\u00ed po dohod\u011b s\u00a0instruktorem v\u00fdcviku v\u00a0pr\u016fb\u011bhu v\u00fdcviku a voln\u00e9ho ven\u010den\u00ed nasazen n\u00e1hubek<\/p>\n<p>&#8211;\u00a0\u00a0\u00a0\u00a0\u00a0\u00a0\u00a0\u00a0\u00a0db\u00e1 na to, aby byl pes p\u0159ed v\u00fdcvikem vyven\u010den, pokud dojde k\u00a0vyven\u010den\u00ed v\u00a0prostoru cvi\u010di\u0161t\u011b nebo jeho bl\u00edzk\u00e9m okol\u00ed, je toto \u00fa\u010dastn\u00edkem v\u00fdcviku ihned uklizeno na ur\u010den\u00e9 m\u00edsto<\/p>\n<p>&#8211;\u00a0\u00a0\u00a0\u00a0\u00a0\u00a0\u00a0\u00a0\u00a0db\u00e1 na to, aby psi nezna\u010dkovali p\u0159ek\u00e1\u017eky, lavi\u010dky, \u00favazy a prostory terasy hlavn\u00ed budovy v are\u00e1lu cvi\u010di\u0161t\u011b<\/p>\n<p>&#8211;\u00a0\u00a0\u00a0\u00a0\u00a0\u00a0\u00a0\u00a0\u00a0p\u0159ek\u00e1\u017eky, n\u00e1\u0159ad\u00ed a jin\u00e9 v\u00fdcvikov\u00e9 pom\u016fcky pou\u017e\u00edv\u00e1 pouze s\u00a0povolen\u00edm a\u00a0dle pokyn\u016f instruktor\u016f v\u00fdcviku a db\u00e1 na to, aby se pes na p\u0159ek\u00e1\u017ek\u00e1ch nezranil<\/p>\n<p>&#8211;\u00a0\u00a0\u00a0\u00a0\u00a0\u00a0\u00a0\u00a0\u00a0nenaru\u0161uje v\u00fdcvik pob\u00edhaj\u00edc\u00edm psem<\/p>\n<p>&#8211;\u00a0\u00a0\u00a0\u00a0\u00a0\u00a0\u00a0\u00a0\u00a0nepohybuje se v \u010d\u00e1sti, kde jsou odkl\u00e1dac\u00ed boxy, pokud tam nem\u00e1 odlo\u017een\u00e9ho psa, jejich vyu\u017eit\u00ed je mo\u017en\u00e9 pouze po dohod\u011b s p\u0159edsedkyn\u00ed spolku nebo jej\u00edm\u00a0 z\u00e1stupcem<\/p>\n<p>&#8211;\u00a0\u00a0\u00a0\u00a0\u00a0\u00a0\u00a0\u00a0\u00a0je povinen dodr\u017eovat po\u017e\u00e1rn\u00ed bezpe\u010dnost v are\u00e1lu cvi\u010di\u0161t\u011b, v jeho bl\u00edzk\u00e9m okol\u00ed a v budov\u00e1ch spolku<\/p>\n<p>&#8211;\u00a0\u00a0\u00a0\u00a0\u00a0\u00a0\u00a0\u00a0\u00a0p\u0159\u00edpadn\u00e9 dotazy a p\u0159ipom\u00ednky, nejen k v\u00fdcviku, \u0159e\u0161\u00ed s p\u0159edsedkyn\u00ed spolku nebo jej\u00edm z\u00e1stupcem<\/p>\n<p>&#8211;\u00a0\u00a0\u00a0\u00a0\u00a0\u00a0\u00a0\u00a0\u00a0dodr\u017euje Informace pro pohyb a ven\u010den\u00ed ps\u016f v\u00a0are\u00e1lu vodn\u00ed n\u00e1dr\u017ee Matylda<\/p>\n<p>&#8211;\u00a0\u00a0\u00a0\u00a0\u00a0\u00a0\u00a0\u00a0\u00a0je odpov\u011bdn\u00fd za doprov\u00e1zej\u00edc\u00ed nezletil\u00e9 osoby, pokud jsou s\u00a0\u00fa\u010dastn\u00edkem v\u00a0are\u00e1lu<\/p>\n<ol start=\"2\">\n<li><strong>Za\u0159azen\u00ed do kurzu<\/strong><\/li>\n<\/ol>\n<p>&#8211;\u00a0\u00a0\u00a0\u00a0\u00a0\u00a0\u00a0\u00a0\u00a0platn\u00fd o\u010dkovac\u00ed pr\u016fkaz psa, kde je uvedeno kompletn\u00ed o\u010dkov\u00e1n\u00ed v\u010d. vztekliny, ne star\u0161\u00ed 1 roku a od\u010derven\u00ed psa, ne star\u0161\u00ed p\u016fl roku<\/p>\n<p>&#8211;\u00a0\u00a0\u00a0\u00a0\u00a0\u00a0\u00a0\u00a0\u00a0\u00fa\u010dastn\u00edk kurzu\u00a0 m\u00e1 uhrazen poplatek<\/p>\n<p>&#8211;\u00a0\u00a0\u00a0\u00a0\u00a0\u00a0\u00a0\u00a0\u00a0dobr\u00fd zdravotn\u00ed stav psa \u2013 pes m\u016f\u017ee b\u00fdt vylou\u010den z v\u00fdcviku a z v\u00fdcvikov\u00e9ho prostoru, pokud bude podez\u0159en\u00ed, \u017ee jeho zdravotn\u00ed stav\u00a0 je nedostate\u010dn\u00fd a neodpov\u00edd\u00e1 povaze a n\u00e1ro\u010dnosti v\u00fdcviku, pop\u0159\u00edpad\u011b ohro\u017euje zdrav\u00ed ostatn\u00edch ps\u016f<\/p>\n<p>&#8211;\u00a0\u00a0\u00a0\u00a0\u00a0\u00a0\u00a0\u00a0\u00a0h\u00e1rav\u00e9 feny se po dohod\u011b s\u00a0instruktorem mohou z\u00fa\u010dastnit v\u00fdcviku<\/p>\n<p>&#8211;\u00a0\u00a0\u00a0\u00a0\u00a0\u00a0\u00a0\u00a0\u00a0\u00fa\u010dastn\u00edk v\u00fdcviku m\u00e1 pro psa v\u00fdcvikov\u00e9 pom\u016fcky : n\u00e1hubek- pokud je pes agresivn\u00ed, vod\u00edtko (ne nav\u00edjec\u00ed), obojek (zak\u00e1z\u00e1n je obojek ostnat\u00fd), pamlsky<\/p>\n<ol start=\"3\">\n<li><strong>Host\u00e9<\/strong><\/li>\n<\/ol>\n<p>&#8211;\u00a0\u00a0\u00a0\u00a0\u00a0\u00a0\u00a0\u00a0\u00a0jsou povinni \u0159\u00eddit se t\u00edmto \u0159\u00e1dem<\/p>\n<p>&#8211;\u00a0\u00a0\u00a0\u00a0\u00a0\u00a0\u00a0\u00a0\u00a0jsou odpov\u011bdn\u00ed\u00a0za chov\u00e1n\u00ed a bezpe\u010dnost nezletil\u00fdch osob, kter\u00e9 je doprov\u00e1z\u00ed<\/p>\n<p>&#8211;\u00a0\u00a0\u00a0\u00a0\u00a0\u00a0\u00a0\u00a0\u00a0pokud maj\u00ed s sebou psa, p\u0159edlo\u017e\u00ed platn\u00fd o\u010dkovac\u00ed pr\u016fkaz p\u0159edsedkyni spolku nebo z\u00e1stupci<\/p>\n<p>&#8211;\u00a0\u00a0\u00a0\u00a0\u00a0\u00a0\u00a0\u00a0\u00a0nepohybuj\u00ed se ve v\u00fdcvikov\u00e9m prostoru<\/p>\n<p>&#8211;\u00a0\u00a0\u00a0\u00a0\u00a0\u00a0\u00a0\u00a0\u00a0nesm\u00ed bez dovolen\u00ed p\u0159edsedkyn\u011b spolku nebo jej\u00edho z\u00e1stupce\u00a0\u00a0\u00a0 \u00a0 \u00a0 \u00a0\u00a0vyu\u017e\u00edvat p\u0159ek\u00e1\u017eek um\u00edst\u011bn\u00fdch na cvi\u010di\u0161ti a umis\u0165ovat psa do odkl\u00e1dac\u00edch kotc\u016f bez souhlasu p\u0159edsedkyn\u011b spolku nebo z\u00e1stupce<\/p>\n<ol start=\"4\">\n<li><strong> Vylou\u010den\u00ed<\/strong><\/li>\n<\/ol>\n<p>&#8211;\u00a0\u00a0\u00a0\u00a0\u00a0\u00a0\u00a0\u00a0\u00a0nedodr\u017eov\u00e1n\u00ed tohoto \u0159\u00e1du<\/p>\n<p>&#8211;\u00a0\u00a0\u00a0\u00a0\u00a0\u00a0\u00a0\u00a0\u00a0nevhodn\u00e9 chov\u00e1n\u00ed \u00fa\u010dastn\u00edk\u016f v\u00fdcviku nebo host\u016f, kter\u00e9 se neslu\u010duje s\u00a0dobr\u00fdmi mravy<\/p>\n<p>V Most\u011b dne 1.1.2021\u00a0 \u00a0 \u00a0 \u00a0 \u00a0 \u00a0 \u00a0 \u00a0 \u00a0 \u00a0 \u00a0 \u00a0 \u00a0Radka Fenclov\u00e1 &#8211; p\u0159edsedkyn\u011b sdru\u017een\u00ed<\/p>\n","protected":false},"excerpt":{"rendered":"<p>VNIT\u0158N\u00cd \u0158\u00c1D \u00a0Mosteck\u00e9 ps\u00ed \u0161koly RASTAVA\u00a0 \u00da\u010dastn\u00edk v\u00fdcviku , z\u00e1vod\u016f, soust\u0159ed\u011bn\u00ed &#8211;\u00a0\u00a0\u00a0\u00a0\u00a0\u00a0\u00a0\u00a0\u00a0je pln\u011b odpov\u011bdn\u00fd za sv\u00e9ho psa v are\u00e1lu cvi\u010di\u0161t\u011b, ale i v jeho bl\u00edzk\u00e9m okol\u00ed.\u00a0 Spolek neodpov\u00edd\u00e1 za zran\u011bn\u00ed nebo \u00fahyn psa. &#8211;\u00a0\u00a0\u00a0\u00a0\u00a0\u00a0\u00a0\u00a0\u00a0v are\u00e1lu vodn\u00ed n\u00e1dr\u017ee Matylda db\u00e1 na to, aby pes neobt\u011b\u017eoval n\u00e1v\u0161t\u011bvn\u00edky, je povinen dodr\u017eovat tak\u00e9 \u0159\u00e1d vodn\u00ed n\u00e1dr\u017ee Matylda. &#8211;\u00a0\u00a0\u00a0\u00a0\u00a0\u00a0\u00a0\u00a0\u00a0zabezpe\u010d\u00ed sv\u00e9ho &hellip; <a href=\"https:\/\/rastava-most.cz\/?page_id=49\" class=\"more-link\">Pokra\u010dov\u00e1n\u00ed textu <span class=\"screen-reader-text\">Informace pro \u00fa\u010dastn\u00edky-Vnit\u0159n\u00ed \u0159\u00e1d<\/span> <span class=\"meta-nav\">&rarr;<\/span><\/a><\/p>\n","protected":false},"author":1,"featured_media":0,"parent":269,"menu_order":0,"comment_status":"closed","ping_status":"open","template":"","meta":{"footnotes":""},"class_list":["post-49","page","type-page","status-publish","hentry"],"_links":{"self":[{"href":"https:\/\/rastava-most.cz\/index.php?rest_route=\/wp\/v2\/pages\/49","targetHints":{"allow":["GET"]}}],"collection":[{"href":"https:\/\/rastava-most.cz\/index.php?rest_route=\/wp\/v2\/pages"}],"about":[{"href":"https:\/\/rastava-most.cz\/index.php?rest_route=\/wp\/v2\/types\/page"}],"author":[{"embeddable":true,"href":"https:\/\/rastava-most.cz\/index.php?rest_route=\/wp\/v2\/users\/1"}],"replies":[{"embeddable":true,"href":"https:\/\/rastava-most.cz\/index.php?rest_route=%2Fwp%2Fv2%2Fcomments&post=49"}],"version-history":[{"count":6,"href":"https:\/\/rastava-most.cz\/index.php?rest_route=\/wp\/v2\/pages\/49\/revisions"}],"predecessor-version":[{"id":1239,"href":"https:\/\/rastava-most.cz\/index.php?rest_route=\/wp\/v2\/pages\/49\/revisions\/1239"}],"up":[{"embeddable":true,"href":"https:\/\/rastava-most.cz\/index.php?rest_route=\/wp\/v2\/pages\/269"}],"wp:attachment":[{"href":"https:\/\/rastava-most.cz\/index.php?rest_route=%2Fwp%2Fv2%2Fmedia&parent=49"}],"curies":[{"name":"wp","href":"https:\/\/api.w.org\/{rel}","templated":true}]}}