{"id":62,"date":"2015-04-28T19:05:53","date_gmt":"2015-04-28T19:05:53","guid":{"rendered":"http:\/\/rastava-most.cz\/?page_id=62"},"modified":"2016-04-29T11:25:22","modified_gmt":"2016-04-29T11:25:22","slug":"informace-k-venceni","status":"publish","type":"page","link":"https:\/\/rastava-most.cz\/?page_id=62","title":{"rendered":"Informace k ven\u010den\u00ed"},"content":{"rendered":"<p><strong><em>INFORMACE pro pohyb a ven\u010den\u00ed ps\u016f v\u00a0are\u00e1lu vodn\u00ed n\u00e1dr\u017ee Matylda<\/em><\/strong><\/p>\n<p><em>\u00a0<\/em><em>\u017d\u00e1d\u00e1me psovody, aby ven\u010dili sv\u00e9 psy vlevo od prostoru ps\u00ed \u0161koly \u00a0a \u00a0nad p\u0159\u00edjezdovou cestou. (sm\u011br je ur\u010den tak, \u017ee vych\u00e1z\u00edte z\u00a0v\u00fdcvikov\u00e9ho prostoru)<\/em><\/p>\n<p><em>V\u00a0prostoru vodn\u00ed n\u00e1dr\u017ee Matylda je mo\u017en\u00e9 m\u00edt ovladateln\u00e9 psy na volno. Dodr\u017eujte bezpe\u010dnost.<\/em><\/p>\n<p><em>\u00a0<\/em><em>Okol\u00ed vodn\u00ed n\u00e1dr\u017ee Matylda nav\u0161t\u011bvuje mnoho lid\u00ed, hlavn\u011b za tepl\u00e9ho po\u010das\u00ed. PROS\u00cdM, nenechte pob\u00edhat psy mezi n\u00e1v\u0161t\u011bvn\u00edky.<\/em><\/p>\n<p><em>\u00a0<\/em><em>Na b\u0159ehu vodn\u00ed n\u00e1dr\u017ee Matylda je dr\u00e1ha pro in-line bruslen\u00ed a kola \u2013 PROS\u00cdME, abyste dbali zv\u00fd\u0161en\u00e9 opatrnosti, aby psi nesrazili n\u00e1v\u0161t\u011bvn\u00edky.<\/em><\/p>\n<p><em>Psi nesm\u00ed na in-line dr\u00e1hu.<\/em><\/p>\n<p><em>\u00a0<\/em><em>Ve vodn\u00ed n\u00e1dr\u017ei je mo\u017en\u00e9 koupat psy \u2013 pokud byste se psy tuto mo\u017enost vyu\u017eili, pros\u00edme, abyste k\u00a0vod\u011b chodili vpravo z\u00a0v\u00fdcvikov\u00e9ho prostoru. P\u0159i p\u0159ech\u00e1zen\u00ed in-line dr\u00e1hy a p\u0159i odch\u00e1zen\u00ed psa z\u00a0vody dbejte zv\u00fd\u0161en\u00e9 opatrnosti,aby nesrazili p\u0159\u00edtomn\u00e9 brusla\u0159e nebo cyklisty!!!<\/em><\/p>\n<p><em>\u00a0D\u011bkujeme<\/em><\/p>\n<p><em>\u00a0<\/em><\/p>\n","protected":false},"excerpt":{"rendered":"<p>INFORMACE pro pohyb a ven\u010den\u00ed ps\u016f v\u00a0are\u00e1lu vodn\u00ed n\u00e1dr\u017ee Matylda \u00a0\u017d\u00e1d\u00e1me psovody, aby ven\u010dili sv\u00e9 psy vlevo od prostoru ps\u00ed \u0161koly \u00a0a \u00a0nad p\u0159\u00edjezdovou cestou. (sm\u011br je ur\u010den tak, \u017ee vych\u00e1z\u00edte z\u00a0v\u00fdcvikov\u00e9ho prostoru) V\u00a0prostoru vodn\u00ed n\u00e1dr\u017ee Matylda je mo\u017en\u00e9 m\u00edt ovladateln\u00e9 psy na volno. Dodr\u017eujte bezpe\u010dnost. \u00a0Okol\u00ed vodn\u00ed n\u00e1dr\u017ee Matylda nav\u0161t\u011bvuje mnoho lid\u00ed, hlavn\u011b za &hellip; <a href=\"https:\/\/rastava-most.cz\/?page_id=62\" class=\"more-link\">Pokra\u010dov\u00e1n\u00ed textu <span class=\"screen-reader-text\">Informace k ven\u010den\u00ed<\/span> <span class=\"meta-nav\">&rarr;<\/span><\/a><\/p>\n","protected":false},"author":1,"featured_media":0,"parent":269,"menu_order":0,"comment_status":"closed","ping_status":"open","template":"","meta":{"footnotes":""},"class_list":["post-62","page","type-page","status-publish","hentry"],"_links":{"self":[{"href":"https:\/\/rastava-most.cz\/index.php?rest_route=\/wp\/v2\/pages\/62","targetHints":{"allow":["GET"]}}],"collection":[{"href":"https:\/\/rastava-most.cz\/index.php?rest_route=\/wp\/v2\/pages"}],"about":[{"href":"https:\/\/rastava-most.cz\/index.php?rest_route=\/wp\/v2\/types\/page"}],"author":[{"embeddable":true,"href":"https:\/\/rastava-most.cz\/index.php?rest_route=\/wp\/v2\/users\/1"}],"replies":[{"embeddable":true,"href":"https:\/\/rastava-most.cz\/index.php?rest_route=%2Fwp%2Fv2%2Fcomments&post=62"}],"version-history":[{"count":1,"href":"https:\/\/rastava-most.cz\/index.php?rest_route=\/wp\/v2\/pages\/62\/revisions"}],"predecessor-version":[{"id":63,"href":"https:\/\/rastava-most.cz\/index.php?rest_route=\/wp\/v2\/pages\/62\/revisions\/63"}],"up":[{"embeddable":true,"href":"https:\/\/rastava-most.cz\/index.php?rest_route=\/wp\/v2\/pages\/269"}],"wp:attachment":[{"href":"https:\/\/rastava-most.cz\/index.php?rest_route=%2Fwp%2Fv2%2Fmedia&parent=62"}],"curies":[{"name":"wp","href":"https:\/\/api.w.org\/{rel}","templated":true}]}}